 of l.
47
Let v(q) = q**3 + 71*q**2 + 474*q - 173. List the prime factors of v(-59).
13633
Let t(s) = -s**3 + 32*s**2 - 32*s + 36. Let u be t(31). Suppose 2865 = 5*m - u*r, -4*m + 4*r = 2*r - 2292. What are the prime factors of m?
3, 191
Let y be (-1 - -2)*(-3)/1. Let j be (-1 - y) + -21 + 19. Suppose j = 8*i + 2*i - 2240. What are the prime factors of i?
2, 7
Suppose 0 = b - 4*u - 3599, -4*b - 7263 = -6*b - 5*u. Suppose 122*l - b = 111*l. What are the prime factors of l?
7, 47
Let p = 17146 - 10062. What are the prime factors of p?
2, 7, 11, 23
Let d = -2103 - -1409. Let w = 1090 + d. List the prime factors of w.
2, 3, 11
Let s(v) = -635*v - 138. List the prime factors of s(-6).
2, 3, 17
Let l(y) = y**2 + 4*y - 5. Let w be l(-5). Let p(q) = 2*q**2 + 7*q. Let t be p(-4). Suppose -t*f + 15 + 6 = 5*h, w = 4*h + 12. List the prime factors of f.
3
List the prime factors of (-100)/(-275) + 328041/33.
9941
Suppose -37*q + 196209 = 45434. What are the prime factors of q?
5, 163
Let g(p) = 20*p**2 - 17*p + 2. Let h be g(-3). Suppose h*s - 229*s = 5464. What are the prime factors of s?
2, 683
Let b = -4566 - -7935. What are the prime factors of b?
3, 1123
Let j be (-15648)/(-42) - 9/(-21). Let w = 218 + j. Suppose 3*m = -11*i + 8*i + w, 5*m = -4*i + 789. What are the prime factors of i?
2, 7
Let q be (-3328)/14 + 60/(-210). Let r = q + 931. List the prime factors of r.
3, 7, 11
Let b = 124 - 113. Suppose 6*m - b*m - 4*a = -28, -m + 4*a = 4. What are the prime factors of m?
2
List the prime factors of (4/(-10))/(216/(-1765260)).
7, 467
Let v be 98/28*12/14. Suppose 3*j + v*s + 2*s - 698 = 0, 0 = 3*j - s - 710. What are the prime factors of j?
2, 59
Let q(g) = 2*g**3 + 70*g**2 - 2*g - 133. List the prime factors of q(-16).
3, 3209
Let u = 148 + -16. Let m = u + -130. Suppose m*s - 4*r - 244 = 0, 3*s - 3*r = 96 + 261. What are the prime factors of s?
2, 29
Suppose 35*t - 38*t - 2*b = -14348, -5*b + 35 = 0. List the prime factors of t.
2, 2389
Let k be (-3 + (-219)/(-9))*-78. Let p = k - -2773. Suppose -285 = 4*h - p. List the prime factors of h.
2, 103
Suppose 3*k + r + 30 = -k, 27 = -3*k - 3*r. Let d be (-12)/k + (-2 - 32/(-14)). List the prime factors of (-139)/(4 + -5*(-1 + d)).
139
Suppose -178528 - 167840 = -123*u. List the prime factors of u.
2, 11
Let t(d) = 16*d**2 - 4*d - 28. Let u be (-8 + 10)/(4/(-8)). List the prime factors of t(u).
2, 61
Let p be (-2)/(-2) - (15 + -17). Suppose 33*k - p*f - 2162 = 31*k, -5*k + 5405 = 5*f. What are the prime factors of k?
23, 47
What are the prime factors of 3201/22*(136/3 - 0) - -2?
2, 3299
Let w(c) = 569*c**2 + 81*c - 6. List the prime factors of w(-6).
2, 3, 7, 17
Suppose -t - 2*p + 7*p = -42, -3*t + 126 = 4*p. Let n = t + -38. Suppose 63 = n*w - k + 6*k, -5*w - 4*k + 90 = 0. What are the prime factors of w?
2, 11
Let j(n) be the third derivative of 2*n**5/3 - n**4/4 + 5*n**3/3 + 2*n**2 + n. List the prime factors of j(-3).
2, 97
Suppose -2*h - 5*c = -15, -2*c + 28 = 5*h + c. Let k be (0 - 0)*(h/(-2))/5. Suppose 11*l - 5*l - 474 = k. List the prime factors of l.
79
Let j(t) = -7*t + 186. Let i be j(26). Suppose -7*w + 2*w = -4*q + 7578, 0 = -5*q - i*w + 9493. What are the prime factors of q?
7, 271
Let m(l) = 138*l - 32. Let o be m(-4). List the prime factors of o/(-4*(-4)/(-8)).
2, 73
Let t(m) be the second derivative of -65*m**3/6 + 37*m**2/2 - 287*m. List the prime factors of t(-21).
2, 701
Suppose -3*a = -i - 59097, -4*i - 11916 - 27472 = -2*a. List the prime factors of a.
2, 5, 197
Let l(z) = -2*z**2 + 23*z + 2. Let v be l(10). Let b be (3 - 2)/((-2)/(-72)). Let j = b - v. List the prime factors of j.
2
Let b = 64850 - 34113. List the prime factors of b.
7, 4391
Suppose -3*j - 2*l = -1267, 0 = -2*j - 4*l + 8*l + 866. Suppose -5*s - j = -2*w, 3*s - 5*s - 215 = -w. List the prime factors of w.
3, 5
List the prime factors of ((-280)/450)/((-3)/60219) - (-6)/45.
2, 5, 1249
Let h be -2 + -6*(4 + -5). Suppose -9 = i - 4*i, 5*i + 17 = -h*j. Let a(w) = w**2 - 13*w - 16. What are the prime factors of a(j)?
2, 19
Suppose -5*q + 1 = w - 16, 2*w - 4*q - 104 = 0. What are the prime factors of w?
2, 3, 7
Let t = 740 - 3753. Let z = t - -4316. List the prime factors of z.
1303
Let m(w) = 2526*w**2 + 68*w - 142. What are the prime factors of m(2)?
2, 3, 11, 17
Suppose -5*y - 5*b = -265, 3*b - 67 = -2*y + 39. Let u(h) = -y*h + 96 - 52*h + 104*h. What are the prime factors of u(0)?
2, 3
Let s(t) = -t**2 - 9*t + 2. Let u be s(-5). Suppose 3*a - u = -4*y, 4*a - 5 = 3. List the prime factors of ((-2)/y)/(3/18)*-25.
3, 5
Suppose 3*a = 2*u - 14, -3*u = -u + 2*a - 4. Suppose u*t + 2*b - 437 = 1999, -3*t + 1822 = -b. List the prime factors of t.
2, 19
Suppose -5*v + 5*t - 9*t = 66, -4*t + 4 = -2*v. Suppose -45 = -2*i + 3*p, -3*i - 3*p + 4*p = -64. Let g = i + v. What are the prime factors of g?
11
Let w = -7841 - -15738. List the prime factors of w.
53, 149
Let q = 22596 - -7459. List the prime factors of q.
5, 6011
Suppose -26*i = -0*i - 1302253 - 104919. What are the prime factors of i?
2, 27061
Let b(j) = 138*j**3 - 10*j - 4. Let p(i) = -46*i**3 + 3*i + 1. Let f(r) = -2*b(r) - 7*p(r). Suppose -61*u + 40 = -21*u. What are the prime factors of f(u)?
2, 23
Let v = 17902 + -8434. List the prime factors of v.
2, 3, 263
Let p(w) = 31*w - 1267. Let c be p(41). Let q be 695/7 + (-4)/14. Suppose q + 17 = c*h. List the prime factors of h.
29
Let j(l) = -l**2 + 8*l + 13. Let s be j(-3). Let n be (16/40)/((-2)/s). Suppose -2*v + 36 = n*c, -4*v - 2*c = 3*c - 84. What are the prime factors of v?
2, 13
Suppose 3*q = -3*u + 33207, -29*q + 27*q + 4*u + 22150 = 0. What are the prime factors of q?
11071
Suppose -2*m + 58 = -2*j, 0 = -3*m - 0*m + 4*j + 85. Suppose 612 = -29*b + m*b. What are the prime factors of b?
2, 3, 17
Suppose -4*q = -2*m - 10, -2*q + 10 - 8 = 2*m. Let o = -7 + -4. List the prime factors of m + 3 - 1 - o.
2, 3
Suppose 0 = -4*l - d + 47, -8*l + 3*l = 2*d - 61. Suppose -l*h - 6 = -83. Suppose n - 1376 = -h*n. List the prime factors of n.
2, 43
List the prime factors of (-6 - -7) + (1 - -6) + 9241.
3, 3083
Suppose -4*d - 10*q + 12*q - 278 = 0, 2*q + 205 = -3*d. Let p = d - -1764. List the prime factors of p.
3, 5, 113
List the prime factors of 3 + 1830 - (-17)/(102/54).
2, 3, 307
Suppose -22855 = -2*k - 3*k + 5*s, -5*k + 4*s + 22860 = 0. What are the prime factors of k?
2, 11, 13
Let i(q) = -55*q + 212. Let p(v) = 18*v - 71. Let m(c) = -2*i(c) - 7*p(c). Let x(z) = 5*z - 24. Let f(n) = -6*m(n) - 21*x(n). List the prime factors of f(0).
2, 3, 11
Let s = -15676 + 37493. List the prime factors of s.
21817
Let n = -842 + 443. What are the prime factors of n/14*40/(-6)?
2, 5, 19
Suppose 7*o - 4*o + 13 = -2*i, 4*o - 28 = 3*i. Let p(q) = -133*q - 246. What are the prime factors of p(i)?
2, 409
Let t(p) = p**3 + 4*p**2 + 4*p + 2. Suppose -3*o = -21 + 27. Let y be t(o). Suppose -y*b = 39 - 205. List the prime factors of b.
83
Let s(l) = 7*l**2 - 40*l - 258. List the prime factors of s(-19).
13, 233
Let l(r) = 94*r**2 - 18*r + 37. Let k be l(6). Suppose 3*x = 3, 5*x = -12*f + 10*f + k. List the prime factors of f.
2, 827
Let w(c) = -2*c + 1. Let y(o) = -o + 1. Let u(k) = -3*w(k) + 5*y(k). Let x be u(0). Suppose 3*z = x*z + 84. What are the prime factors of z?
2, 3, 7
Let k(u) = 19*u**2 - 4*u - 2. Let b(x) = -9*x**2 + 2*x + 1. Let c(d) = -5*b(d) - 3*k(d). Let v be c(-1). What are the prime factors of v/((-169)/804) - (-4)/26?
2, 31
Suppose -5*q + 2*k - 2709 = 0, -7*k - 9 = -4*k. Let y = q + 986. List the prime factors of y.
443
Suppose 3*w + 0*w + 5 = -5*s, 20 = -4*w. Suppose 5*r + 29 = 3*o - 0*r, -s*o + 22 = -4*r. What are the prime factors of 115 + (o + -9 - -4)?
113
Let d(g) = 192*g - 5168. List the prime factors of d(89).
2, 5, 149
Let p(t) = -t**3 - 2*t**2 - 2*t - 1. Let h be p(0). List the prime factors of 3*h/2*-10.
3, 5
Suppose 5*k + 3*t - 12 = 4*k, 0 = 2*k + t - 9. Suppose k*q + 106 = 2017. List the prime factors of q.
7, 13
Let a be (54/12)/(2 + (-230)/116). Suppose -16 = -2*h - 2*h. Suppose -3*c + a = 4*w, h*w + 128 = -4*c + 388. List the prime factors of w.
2, 3, 11
Suppose 59*l - 164532 = -27475. List the prime factors of l.
23, 101
Suppose 0 = -n + 5*s + 1387, -5*s - 1691 = -3*n + 2450. List the prime factors of n.
3,